be d(-6). Suppose v = j + g*j - 24. List the prime factors of j.
2
Let r = -8 + 10. Let s(f) = 3*f - 1. Let v be s(2). Suppose r*h + k = 20, -v*k + 2*k - 28 = -5*h. What are the prime factors of h?
2
List the prime factors of -25*3/((-45)/24).
2, 5
Suppose 57 = 2*d - 135. List the prime factors of d.
2, 3
Let x(d) = d + 17. Let i be x(-8). List the prime factors of (i - -12) + 1 + 1.
23
Let l(r) = -r**3 - 5*r**2 - 2*r - 5. Let d be l(-5). Suppose 4*f = 6 + 6. Suppose 4*j - f - 48 = -d*q, -5*j + 4*q = -33. List the prime factors of j.
3
Let d = -12 - -23. List the prime factors of d/1 + -11 + 12.
2, 3
Let w(z) = 2*z**2 + 3*z. Let j = -3 - -1. Let d be w(j). Suppose -4*n + 4 = 4*x, -d*n + 3*x + 3 + 4 = 0. List the prime factors of n.
2
Let y = -2 + 1. Let s be (y - 1 - -4) + 1. Suppose -3*a + 7*a - 4*o - 12 = 0, -4*o = s*a - 30. List the prime factors of a.
2, 3
Suppose -4*l + 245 = l. List the prime factors of l.
7
Suppose 0 = -a - a + 6. Suppose 0*u + a*u - 102 = 0. What are the prime factors of u?
2, 17
Suppose -3*b - 3*q = 2*q - 262, -250 = -3*b + q. List the prime factors of b.
2, 3, 7
Let l be (19 + -1)*(-6)/(-9). Suppose 0 = 2*a + 2*a - l. What are the prime factors of a?
3
Let j(m) be the second derivative of m**4/4 - 2*m**3/3 + 3*m**2/2 - 2*m. Let g be j(2). List the prime factors of (2 + g)/(2 - 1).
3
Suppose 0 = 2*p + 81 - 25. Let m = 51 + p. What are the prime factors of m?
23
Let o(m) = m**2 + m - 2. Let i be o(2). Suppose 4*u - 2*a + a - 47 = 0, -i*u + 2*a = -42. What are the prime factors of u?
13
Suppose -2*z = -246 + 10. What are the prime factors of z?
2, 59
Suppose 5 - 29 = -3*c. What are the prime factors of (c/6)/((-4)/(-30))?
2, 5
Let z(k) = -k + 19. What are the prime factors of z(12)?
7
Suppose 0 = -3*m + 3*l + 51, m + 5*l + 70 = 5*m. Suppose -m - 118 = -7*d. What are the prime factors of d?
19
Suppose 2*o - 147 = -o. What are the prime factors of o?
7
Let v = 11 - 4. Suppose 0 = 3*b - v*b + 72. What are the prime factors of b?
2, 3
Let n(z) = -z + 9. Let w(y) = 2*y**3 + 4*y**2 + y + 4. Let i be w(-3). Let p = -11 - i. What are the prime factors of n(p)?
3
Let y = 6 + -4. Suppose -y*a + 8 = 2*p, 4*a - 12 = p - 1. Suppose r + 18 = a*r. What are the prime factors of r?
3
Let p be 2/(-11) + 339/(-11). Let x = p - -51. List the prime factors of x.
2, 5
Suppose 0 = y + 37 + 13. List the prime factors of y/(-3) - (-2)/6.
17
Suppose -2*u = -0*y - 3*y + 56, -5*u + 31 = 2*y. What are the prime factors of y?
2, 3
Suppose -10 - 1 = -r. List the prime factors of r.
11
Suppose o = 3, -z + 0*z + 5*o - 44 = 0. Let i = z + 61. Suppose 2*r - 2*h - 28 = -0*r, 2*h - i = -4*r. List the prime factors of r.
2, 5
Let y = 125 - 35. What are the prime factors of 4/(-3)*y/(-10)?
2, 3
Let i(r) = -r**2 - 13*r - 8. List the prime factors of i(-12).
2
Let s(a) be the first derivative of a**5/10 + a**4/12 + a**3/6 - a**2/2 - 3*a - 2. Let w(r) be the first derivative of s(r). What are the prime factors of w(1)?
3
Let l be 2 + (-3*2)/(-3). Suppose d + 2*o = 3, -4*d + l*o = -0*d - 60. List the prime factors of d.
11
Let s(m) be the third derivative of m**6/120 + m**5/12 - m**4/24 + m**3/3 + 3*m**2. List the prime factors of s(-4).
2, 11
Let q = 90 - 50. What are the prime factors of q?
2, 5
Let d be ((-2)/3)/((-2)/48). List the prime factors of (-6)/(-15) + d/10.
2
Let g(r) = -2*r**3 - 4*r**2 + r. Suppose -w + 5*w = -4. Let y be w/2*(0 + 6). What are the prime factors of g(y)?
3, 5
Suppose -3*u + 4*o = 62, -3*o + 106 = -5*u + o. List the prime factors of (u/7)/((-3)/21).
2, 11
Let h(m) = -m**3 + 7. Suppose -2*o = -o. Let a be h(o). What are the prime factors of 122/14 - (-2)/a?
3
Let k be (-1)/((-1)/2) - -23. Suppose 2*s - k - 5 = 4*f, -4*s = 2*f - 50. List the prime factors of s.
13
Let p(l) = 3*l**2 - 2*l**2 - 3 - 6*l - 2*l**2. What are the prime factors of p(-2)?
5
Let o = 4 + -5. Suppose 4*r = 2*r. What are the prime factors of 10/(r - o) - -1?
11
Suppose 0 = 3*t + 4 + 5. Let r = t + 6. What are the prime factors of (-12 + r/(-1))*-1?
3, 5
Suppose 20 = 2*g + 3*c, 4*g + 0*c - 30 = -c. Suppose -2*m - 60 = -g*m. List the prime factors of m.
2, 3
Let a(o) = o**2 + 3*o - 7. Let w be a(-5). Suppose 3*l = -3*i - 4 - 11, -3*i - 15 = 2*l. Suppose l*g = -w*g + 18. What are the prime factors of g?
2, 3
Let l be (-1 + -3)/(4/(-3)). Suppose 3 = c + j, -5*c + l*j = 6*j - 23. What are the prime factors of c?
7
What are the prime factors of ((-4)/(-3))/(2*4/12)?
2
Suppose 5*g = -31 + 51. List the prime factors of g.
2
Let f be -39*(2 + -3 + 0). Suppose 63 = -4*p + 5*o - 6*o, -2*o + f = -3*p. What are the prime factors of 2/5 - 99/p?
7
Suppose 5*h - 24 - 256 = -5*i, 4*h + 2*i = 214. List the prime factors of h.
3, 17
Suppose 3 = -3*s, 0*j + 5*s + 1 = -j. Suppose h + j*h - 3*g = 29, 5*h - 11 = -3*g. What are the prime factors of h?
2
Let s(r) be the third derivative of -r**4/24 + 5*r**3/6 - 2*r**2. Let b be s(-5). Suppose 5*u - 5 = b. List the prime factors of u.
3
Suppose s + 16 = -q + 6*q, -5*q + 2*s + 17 = 0. List the prime factors of q.
3
Suppose 135 = 5*f - 0*f. Suppose 0 = a + 4*a + 4*n - 132, a + n - f = 0. What are the prime factors of a?
2, 3
Suppose l + 40 = -0*l - 3*f, -5*f = -3*l - 92. Let c = 19 + l. List the prime factors of ((-6)/(-9)*c)/(-1).
2, 5
Suppose 4*s - 35 = -3. Let a = s + -8. What are the prime factors of 6 - (a + (-3 - 0))?
3
Suppose -u - p = -33, -5*p = -5*u + 67 + 128. List the prime factors of u.
2, 3
Let s = 3 - -8. Suppose -2*w + 119 = 3*y, -5*y = -14 - s. What are the prime factors of w?
2, 13
Let q(c) = c - 4*c + 15*c + 2 + 0. Let a be q(-4). What are the prime factors of a/(-4) + (-1)/(-2)?
2, 3
Suppose 0 = -3*a - u + 397, -3*a = -2*u - 118 - 285. What are the prime factors of a?
7, 19
Suppose 0 = -p + q - 21, -93 = 3*p - 5*q - 30. Let h = -36 - p. Let f = -7 - h. List the prime factors of f.
2
List the prime factors of (110/(-15) - -1)/((-2)/24).
2, 19
Suppose 3*h = 5*i - 22, 0 = -2*h + h - 4. Suppose 0 = -i*c + 5*c - 9. What are the prime factors of c?
3
Let z(f) = f + 11. Let l be z(-7). Suppose 0 = -l*b + 12, k + 4*k - 5*b = 65. Suppose -3*j + 23 = -k. What are the prime factors of j?
13
Let t(k) = k**2 + 10*k - 24. List the prime factors of t(-18).
2, 3, 5
Let d(w) = -w + 7. Let s be d(7). Suppose 5*p + 25 = s, -3*u = u + 2*p - 42. Suppose 5*c - 22 = u. What are the prime factors of c?
7
Let b(k) = 2*k**3 + 18*k**2 - 2*k - 3. List the prime factors of b(-9).
3, 5
Suppose 5*t - 4 - 1 = 0. Let a = t - -4. List the prime factors of a.
5
Let m(l) = 54*l**2 - 4*l - 2. What are the prime factors of m(-1)?
2, 7
Let d(j) = j**3 + 18*j**2 + 29*j + 13. List the prime factors of d(-16).
61
Let d be 3/4*(-16)/4. Let j be -2 + 3 - d/(-3). Suppose j*n - 12 = -4*n. What are the prime factors of n?
3
Suppose -f + 415 = 5*u, f + 237 = 4*u - 86. What are the prime factors of u?
2, 41
Let b(l) = -l**2 - 6*l + 10. Let s be 6 - 2/(6/9). Suppose 26 = -3*y + 5*k, 4*k - 10 - 15 = s*y. What are the prime factors of b(y)?
3
Let a(f) = -f**3 + 26*f**2 + 5*f - 4. What are the prime factors of a(26)?
2, 3, 7
Let p(u) = -3*u**3 + 2*u. Let v be p(-2). Suppose -4*c - v = -2*w, w + 5*c = -0*w - 11. List the prime factors of 1*(-2)/w*-22.
11
Suppose -2*n = -5*n + 9. Let r(g) = 4 + 1 + 2*g - n. What are the prime factors of r(2)?
2, 3
Let v(j) = j**2 - 9*j - 8. Let i be v(10). Suppose 4*t - 2*o = i, -t - 3*o + 16 = 5. What are the prime factors of (20/3)/(t/3)?
2, 5
Let n(h) = 5*h**2 - 4*h. List the prime factors of n(-4).
2, 3
Suppose -15 = -4*t + 1. List the prime factors of 219/6 - 2/t.
2, 3
Suppose 0 = -2*z + 12 - 4. What are the prime factors of z?
2
Let n(f) = -f**3 - 9*f**2 - 6*f + 16. Let q be n(-8). Suppose q = 2*h + 2*h - 200. List the prime factors of h.
2, 5
Let j(v) = -v + 4. Let o be j(3). What are the prime factors of o - (3/(-1) + -1)?
5
Let d(s) = s**3 - 12*s**2 - 12*s + 12. What are the prime factors of d(13)?
5
Let s = -1 - 23. Let o be (-2)/8 - 318/s. What are the prime factors of (-6)/(-39) - (-180)/o?
2, 7
Suppose -f - 15 = 2*h - 220, 0 = -3*f - 9. Suppose 5*k + 39 = 5*d + h, 3*k + 4*d = 4. What are the prime factors of k?
2
Let t = -4 - -6. Suppose 2*a + 3 = -5, 5*r + 2*a = t. Suppose 0*l - r*l = -6. What are the prime factors of l?
3
S